{"id":13226,"date":"2021-04-14T15:40:56","date_gmt":"2021-04-14T12:40:56","guid":{"rendered":"https:\/\/alfadestek.com\/cesan\/?page_id=13226"},"modified":"2021-04-16T09:11:50","modified_gmt":"2021-04-16T06:11:50","slug":"gizlilik-politikamiz","status":"publish","type":"page","link":"https:\/\/www.cesanmakine.com\/index.php\/kurumsal\/gizlilik-politikamiz\/","title":{"rendered":"Gizlilik Politikam\u0131z"},"content":{"rendered":"<p>CSN\u00ae\u00a0hizmet sekt\u00f6r\u00fcnde, \u00e7al\u0131\u015fma prensipleri ve kurumsall\u0131k \u00e7er\u00e7evesinde olu\u015fmu\u015f bir yeri vard\u0131r ve ki\u015fisel bilgilerin gizlilik ve g\u00fcvenli\u011fi \u00f6nemlidir.<\/p>\n<p>CSN\u00ae\u00a0bu websitesi i\u00e7inde belirtilen esaslara, \u00fcr\u00fcn ve hizmetleri ve\/veya kullan\u0131labilir sonu\u00e7lar\u0131n\u0131 birlikte \u00e7al\u0131\u015ft\u0131\u011f\u0131 ki\u015filer, \u015firketler, t\u00fcketiciler taraf\u0131ndan g\u00f6r\u00fcnen, payla\u015f\u0131lan t\u00fcm kurumsal ve\/veya ki\u015fisel bilgilere yakla\u015f\u0131m\u0131n\u0131 \u00f6zetlemektedir.<\/p>\n<p>CSN\u00ae\u00a0\u00e7al\u0131\u015fanlar\u0131, i\u015f ortaklar\u0131, dan\u0131\u015fmanlar\u0131, ilgili domain ve \u015firket sahipleri ilgili herhangi bir nedenle \u00fc\u00e7\u00fcnc\u00fc ki\u015filerin u\u011frad\u0131\u011f\u0131 maddi ve\/veya manevi zararlardan sorumlu tutulamaz.<\/p>\n<p>www.cesanmakine.com Websitesi<\/p>\n<p>Bu websitesinde ki\u015filer ile ilgili do\u011frudan soru ve\/veya bilgi talebi istenmemektedir.<\/p>\n","protected":false},"excerpt":{"rendered":"<p>CSN\u00ae\u00a0hizmet sekt\u00f6r\u00fcnde, \u00e7al\u0131\u015fma prensipleri ve kurumsall\u0131k \u00e7er\u00e7evesinde olu\u015fmu\u015f bir yeri vard\u0131r ve ki\u015fisel bilgilerin gizlilik ve g\u00fcvenli\u011fi \u00f6nemlidir. CSN\u00ae\u00a0bu websitesi i\u00e7inde belirtilen esaslara, \u00fcr\u00fcn ve hizmetleri ve\/veya kullan\u0131labilir sonu\u00e7lar\u0131n\u0131 birlikte \u00e7al\u0131\u015ft\u0131\u011f\u0131 ki\u015filer, \u015firketler, t\u00fcketiciler taraf\u0131ndan g\u00f6r\u00fcnen, payla\u015f\u0131lan t\u00fcm kurumsal ve\/veya ki\u015fisel bilgilere yakla\u015f\u0131m\u0131n\u0131 \u00f6zetlemektedir. CSN\u00ae\u00a0\u00e7al\u0131\u015fanlar\u0131, i\u015f ortaklar\u0131, dan\u0131\u015fmanlar\u0131, ilgili domain ve \u015firket sahipleri ilgili herhangi&#8230;<\/p>\n","protected":false},"author":1,"featured_media":0,"parent":13213,"menu_order":0,"comment_status":"closed","ping_status":"closed","template":"","meta":[],"_links":{"self":[{"href":"https:\/\/www.cesanmakine.com\/index.php\/wp-json\/wp\/v2\/pages\/13226"}],"collection":[{"href":"https:\/\/www.cesanmakine.com\/index.php\/wp-json\/wp\/v2\/pages"}],"about":[{"href":"https:\/\/www.cesanmakine.com\/index.php\/wp-json\/wp\/v2\/types\/page"}],"author":[{"embeddable":true,"href":"https:\/\/www.cesanmakine.com\/index.php\/wp-json\/wp\/v2\/users\/1"}],"replies":[{"embeddable":true,"href":"https:\/\/www.cesanmakine.com\/index.php\/wp-json\/wp\/v2\/comments?post=13226"}],"version-history":[{"count":2,"href":"https:\/\/www.cesanmakine.com\/index.php\/wp-json\/wp\/v2\/pages\/13226\/revisions"}],"predecessor-version":[{"id":13613,"href":"https:\/\/www.cesanmakine.com\/index.php\/wp-json\/wp\/v2\/pages\/13226\/revisions\/13613"}],"up":[{"embeddable":true,"href":"https:\/\/www.cesanmakine.com\/index.php\/wp-json\/wp\/v2\/pages\/13213"}],"wp:attachment":[{"href":"https:\/\/www.cesanmakine.com\/index.php\/wp-json\/wp\/v2\/media?parent=13226"}],"curies":[{"name":"wp","href":"https:\/\/api.w.org\/{rel}","templated":true}]}}